en?
False
Is 194511214 a multiple of 21?
False
Is 102895839 a multiple of 81?
True
Is 82 a factor of 80081938?
True
Does 28 divide 126624484?
True
Is 638 a factor of 26355449?
False
Is 944 a factor of 1089926352?
True
Is 2654 a factor of 455896158?
True
Does 10 divide 116707803?
False
Is 250359366 a multiple of 82?
True
Is 64328810 a multiple of 91?
True
Is 386 a factor of 142391926?
True
Does 753 divide 24371598?
True
Does 770 divide 460829625?
False
Is 667 a factor of 13965352?
False
Is 151451671 a multiple of 1673?
True
Is 57198044 even?
True
Is 1387 a factor of 476270377?
False
Is 46 a factor of 835508288?
False
Is 1883012166 a multiple of 2583?
True
Does 3824 divide 38767889?
False
Is 6930 a factor of 173145908?
False
Does 174 divide 12318852?
True
Is 70 a factor of 286486099?
False
Is 696 a factor of 25147872?
True
Is 87351810 a multiple of 3918?
True
Is 126 a factor of 876815982?
True
Does 249 divide 180269277?
True
Is 38199076 a multiple of 262?
True
Is 13327733 a multiple of 8?
False
Is 52 a factor of 2363087605?
False
Is 2432713 a multiple of 24?
False
Is 2046321 a multiple of 1589?
False
Is 440 a factor of 1152014160?
True
Is 223240455 a multiple of 837?
True
Is 12880413 a multiple of 117?
True
Does 89 divide 685280085?
False
Is 55878037 a multiple of 36?
False
Does 2 divide 39986042?
True
Does 452 divide 1529544948?
True
Does 1245 divide 3725516835?
True
Does 1085 divide 117801325?
False
Does 1558 divide 215690740?
False
Is 40 a factor of 87974600?
True
Does 7 divide 7117359?
False
Is 9089 a factor of 1031610589?
True
Does 330 divide 14790657?
False
Does 18 divide 2953664748?
True
Does 13 divide 607053226?
True
Is 310028214 a multiple of 471?
True
Does 17 divide 64087399?
True
Is 768229980 a multiple of 75?
False
Is 17682408 a multiple of 8?
True
Is 66905004 a multiple of 5396?
True
Does 255 divide 65227587?
False
Is 17 a factor of 414636086?
True
Is 100296702 a multiple of 3?
True
Does 680 divide 207757070?
False
Is 47978542 a multiple of 8?
False
Is 339331932 a multiple of 993?
True
Is 27627696 a multiple of 372?
True
Is 948337308 a multiple of 129?
True
Is 78012792 a multiple of 9?
True
Is 767 a factor of 223604277?
True
Is 12 a factor of 6819408?
True
Is 162528507 a multiple of 9?
True
Is 112977993 a multiple of 1244?
False
Does 190 divide 14171822?
False
Does 9 divide 56920482?
True
Is 171 a factor of 235726578?
True
Is 142 a factor of 101742609?
False
Is 21683214 a multiple of 126?
True
Is 157 a factor of 67376707?
True
Is 1044434818 a multiple of 7?
True
Is 70337401 a multiple of 313?
False
Is 55 a factor of 1048317270?
True
Is 1737658 a multiple of 55?
False
Does 12 divide 139905969?
False
Does 70 divide 669418470?
True
Is 193 a factor of 890899194?
True
Does 1881 divide 3846963?
False
Does 864 divide 2179552264?
False
Is 99674644 a multiple of 54?
False
Is 28 a factor of 575916628?
True
Does 6 divide 24275?
False
Is 3115 a factor of 60306885?
False
Is 2441 a factor of 77936375?
False
Does 37 divide 717197795?
False
Is 2673015173 a multiple of 10?
False
Is 22 a factor of 48223896?
False
Does 97 divide 1034655075?
False
Does 363 divide 17715126?
True
Is 812496843 a multiple of 547?
True
Does 682 divide 81576941?
False
Does 26 divide 868213386?
False
Does 816 divide 9295872?
True
Is 3541316265 a multiple of 15?
True
Does 249 divide 621774663?
True
Is 6065322 a multiple of 86?
True
Is 1977390771 a multiple of 447?
True
Is 37014039 a multiple of 164?
False
Is 38885778 a multiple of 131?
True
Is 624066888 a multiple of 13?
False
Is 383243150 a multiple of 50?
True
Is 1213868152 a multiple of 846?
False
Does 72 divide 57423168?
True
Is 56607095 a multiple of 1493?
True
Is 848635986 a multiple of 66?
True
Is 29985683 a multiple of 2?
False
Does 14 divide 2925608?
True
Is 1595480689 a multiple of 781?
True
Is 15927989 a multiple of 319?
True
Is 202366786 a multiple of 25?
False
Is 14 a factor of 1045264570?
True
Is 44334868 a multiple of 13?
False
Does 1623 divide 99254089?
False
Does 15905 divide 7328140201?
False
Is 145479379 a multiple of 195?
False
Is 41451000 a multiple of 444?
False
Is 807 a factor of 40462980?
True
Does 4 divide 65965184?
True
Is 6397 a factor of 937749956?
False
Does 28 divide 2875270?
False
Is 253 a factor of 25336432?
True
Is 149 a factor of 17101018?
False
Is 9116245 even?
False
Does 21 divide 16788581?
False
Does 159 divide 2111860907?
False
Is 1358 a factor of 4626706?
True
Is 15216082 a multiple of 21?
False
Is 729 a factor of 9788031?
False
Does 97 divide 271888769?
True
Does 1620 divide 599945940?
True
Is 4410034 a multiple of 130?
False
Does 8 divide 14266160?
True
Is 85 a factor of 11802802?
False
Does 25 divide 38393100?
True
Does 2083 divide 809058758?
False
Is 34 a factor of 1741401072?
False
Is 269 a factor of 157457267?
True
Does 17 divide 97329913?
True
Is 332 a factor of 53384512?
False
Does 23 divide 124938139?
True
Is 22 a factor of 13406129?
False
Is 16 a factor of 340413792?
True
Does 14 divide 4918704?
True
Does 122 divide 1801905?
False
Is 728956200 a multiple of 60?
True
Is 8919845 a multiple of 14?
False
Is 12 a factor of 918186432?
True
Is 54 a factor of 45460822?
False
Is 1608963588 a multiple of 36?
True
Is 44489160 a multiple of 30?
True
Does 3 divide 97525737?
True
Is 13069 a factor of 4071127213?
False
Does 13 divide 208794366?
False
Is 492303378 a multiple of 21?
True
Is 1314644795 a multiple of 19?
False
Is 528503684 a multiple of 17?
True
Does 1151 divide 431612880?
False
Does 75 divide 3457775?
False
Is 446127939 a multiple of 1545?
False
Is 425270000 a multiple of 575?
True
Is 147786675 a multiple of 15?
True
Does 106 divide 58529115?
False
Is 10964149 a multiple of 431?
False
Is 472401932 a multiple of 1643?
True
Does 1730 divide 65078474?
False
Is 139408204 a multiple of 21?
False
Is 2046 a factor of 120034728?
True
Does 21 divide 16470273?
False
Is 3268331 a multiple of 5?
False
Is 22732932 a multiple of 931?
False
Is 254373005 a multiple of 83?
True
Is 11 a factor of 32788363?
False
Does 5 divide 272774955?
True
Is 416561873 a multiple of 13?
True
Does 10 divide 564434433?
False
Is 795194442 a multiple of 2322?
True
Is 2210 a factor of 2270089212?
False
Is 583 a factor of 28108762?
True
Is 121593127 a multiple of 1450?
False
Does 134 divide 44654696?
True
Is 5256 a factor of 707058144?
True
Does 16 divide 149447851?
False
Does 270 divide 209556990?
True
Is 49277194 a multiple of 7?
False
Is 2420910 a multiple of 30?
True
Is 10478 a factor of 913901638?
True
Is 19 a factor of 433123772?
True
Is 16015065 a multiple of 31?
True
Is 350 a factor of 123492600?
True
Is 512698641 a multiple of 21?
True
Does 16 divide 721554896?
True
Is 60012502 a multiple of 20?
False
Is 87 a factor of 145629474?
True
Is 187 a factor of 89466191?
False
Does 1145 divide 21025799?
False
Is 61 a factor of 119922624?
False
Is 866140992 a multiple of 2232?
True
Does 10 divide 58414550?
True
Is 934830 a multiple of 1410?
True
Does 1150 divide 6820568?
False
Is 66 a factor of 28158108?
True
Is 4482 a factor of 1013130577?
False
Is 47016519 a multiple of 277?
False
Does 58 divide 162267806?
False
Does 1672 divide 294441495?
False
Is 20 a factor of 34937760?
True
Does 646 divide 671361314?
True
Does 1726 divide 593651985?
False
Does 51 divide 582281?
False
Does 18 divide 71596286?
False
Is 728 a factor of 718246448?
False
Does 14 divide 607364660?
True
Does 11 divide 1649808676?
False
Is 44718341 a multiple of 6?
False
Does 112 divide 104671280?
True
Is 7211758 a multiple of 12?
False
Does 45 divide 716990490?
True
Does 98 divide 14835632?
True
Does 61 divide 178216502?
True
Is 183853628 a multiple of 55?
False
Does 549 divide 27951237?
True
Is 1948557158 a multiple of 2120?
False
Is 8 a factor of 471489656?
True
Does 230 divide 261211331?
False
Does 3 divide 239163629?
False
Is 6108825 a multiple of 14?
False
Is 181930436 a multiple of 503?
False
Is 4710803 a multiple of 128?
False
Is 2206 a factor of 23964835?
False
Is 515 a factor of 99131671?
False
Is 106831650 a multiple of 30?
True
Does 696 divide 973297658?
False
Is 1054728570 a multiple of 301?
False
Does 16 divide 8532587?
False
Does 9 divide 66149470?
False
Is 1623801000 a multiple of 100?
True
Is 16 a factor of 3167695?
False
Is 287265